{"id":54,"date":"2016-09-15T11:16:35","date_gmt":"2016-09-15T09:16:35","guid":{"rendered":"http:\/\/cepronda.com\/blog\/?page_id=54"},"modified":"2021-09-24T14:24:39","modified_gmt":"2021-09-24T12:24:39","slug":"formacion-en-centros","status":"publish","type":"page","link":"https:\/\/cepronda.com\/blog\/autoformacion\/formacion-en-centros\/","title":{"rendered":"Formaci\u00f3n en centros"},"content":{"rendered":"\n<h2 class=\"wp-block-heading\"><a href=\"https:\/\/portals.ced.junta-andalucia.es\/educacion\/portals\/delegate\/content\/111b1d74-a102-46e1-9437-2a094b876079\/Instrucciones%2010-09-21%20Formaci%C3%B3n%20en%20Centro\">Instrucciones para el desarrollo de la Formaci\u00f3n en Centro del curso 2021\/22<\/a><\/h2>\n\n\n\n<p class=\"wp-block-paragraph\"><strong>OTROS DOCUMENTOS RELACIONADOS<\/strong><\/p>\n\n\n\n<ol class=\"wp-block-list\"><li><a href=\"https:\/\/www.juntadeandalucia.es\/educacion\/portals\/delegate\/content\/f9af8fd6-aa78-4496-b870-704926281938\/Cronograma%20de%20una%20FC%20para%20centros%20educativos%20(cronograma_FC_Centro.pdf)\">Cronograma de una FC para centros educativos <\/a><\/li><li><a href=\"https:\/\/www.juntadeandalucia.es\/educacion\/portals\/delegate\/content\/3be79041-9e6d-4881-aa04-062fa73957d3\/Anexo%20I%20%C2%BF%20Solicitud%20de%20inscripci%C3%B3n%20extraordinaria%20de%20nuevos%20miembros%20en%20el%20Proyecto%20de%20Formaci%C3%B3n%20en%20Centro%20(anexo_I_editable_FC.pdf)\">ANEXO I Solicitud de inscripci\u00f3n extraordinaria de nuevos miembros en el Proyecto de Formaci\u00f3n en Centro<\/a><\/li><li><a href=\"https:\/\/www.juntadeandalucia.es\/educacion\/portals\/delegate\/content\/7860d2a7-844e-4399-8dd1-8ed252afadb3\/ANEXO%20II%20%C2%BF%20Comunicaci%C3%B3n%20oficial%20de%20suspensi%C3%B3n%20del%20Formaci%C3%B3n%20en%20Centro%20(anexo_II_editable_FC.pdf)\">ANEXO II Comunicaci\u00f3n oficial de suspensi\u00f3n del Formaci\u00f3n en Centro<\/a> <\/li><li><a href=\"https:\/\/www.juntadeandalucia.es\/educacion\/portals\/delegate\/content\/2bf170a9-c5be-4398-8461-1a7289c57442\/ANEXO%20III%20%C2%BF%20Requisitos%20para%20la%20aceptaci%C3%B3n%20de%20una%20Formaci%C3%B3n%20en%20Centro%20(anexo_III_editable_FC.pdf)\">ANEXO III Requisitos para la aceptaci\u00f3n de una Formaci\u00f3n en Centro<\/a><\/li><li><a href=\"https:\/\/view.genial.ly\/61448b311fa49b0db9d59d27\/interactive-image-2122-protocolo-fc\">Infograf\u00eda FC.<\/a><\/li><\/ol>\n\n\n\n<hr class=\"wp-block-separator\"\/>\n\n\n\n<figure class=\"wp-block-image\"><img data-recalc-dims=\"1\" loading=\"lazy\" decoding=\"async\" width=\"640\" height=\"426\" src=\"https:\/\/i0.wp.com\/cepronda.com\/blog\/wp-content\/uploads\/2018\/09\/hands-2847508_640.jpg?resize=640%2C426\" alt=\"\" class=\"wp-image-2256\" srcset=\"https:\/\/i0.wp.com\/cepronda.com\/blog\/wp-content\/uploads\/2018\/09\/hands-2847508_640.jpg?w=640&amp;ssl=1 640w, https:\/\/i0.wp.com\/cepronda.com\/blog\/wp-content\/uploads\/2018\/09\/hands-2847508_640.jpg?resize=300%2C200&amp;ssl=1 300w\" sizes=\"auto, (max-width: 640px) 100vw, 640px\" \/><\/figure>\n","protected":false},"excerpt":{"rendered":"<p>Instrucciones para el desarrollo de la Formaci\u00f3n en Centro del curso 2021\/22 OTROS DOCUMENTOS RELACIONADOS Cronograma de una FC para centros educativos ANEXO I Solicitud de inscripci\u00f3n extraordinaria de nuevos miembros en el Proyecto de Formaci\u00f3n en Centro ANEXO II Comunicaci\u00f3n oficial de suspensi\u00f3n del Formaci\u00f3n en Centro ANEXO III Requisitos para la aceptaci\u00f3n de [&hellip;]<\/p>\n","protected":false},"author":3,"featured_media":0,"parent":47,"menu_order":0,"comment_status":"closed","ping_status":"closed","template":"","meta":{"_crdt_document":"","advanced_seo_description":"","jetpack_seo_html_title":"","jetpack_seo_noindex":false,"jetpack_post_was_ever_published":false,"footnotes":""},"class_list":["post-54","page","type-page","status-publish","czr-hentry"],"jetpack_shortlink":"https:\/\/wp.me\/P8M4X7-S","jetpack-related-posts":[{"id":47,"url":"https:\/\/cepronda.com\/blog\/autoformacion\/","url_meta":{"origin":54,"position":0},"title":"Autoformaci\u00f3n","author":"V\u00edctor Caballero","date":"15 septiembre, 2016","format":false,"excerpt":"GRUPOS DE TRABAJO Y FORMACI\u00d3N EN CENTROS A continuaci\u00f3n se presentan las distintas Instrucciones de Grupos de Trabajo y Formaci\u00f3n en Centros del curso 2024\/25 \u00a0 INSTRUCCIONES PARA GRUPOS DE TRABAJO 2024\/25 \u00a0 INSTRUCCIONES PARA FORMACIONES EN CENTROS 2024\/25 \u00a0","rel":"","context":"Entrada similar","block_context":{"text":"Entrada similar","link":""},"img":{"alt_text":"","src":"https:\/\/i0.wp.com\/cepronda.com\/blog\/wp-content\/uploads\/2017\/05\/home-office-336377_640.jpg?fit=640%2C426&ssl=1&resize=350%2C200","width":350,"height":200,"srcset":"https:\/\/i0.wp.com\/cepronda.com\/blog\/wp-content\/uploads\/2017\/05\/home-office-336377_640.jpg?fit=640%2C426&ssl=1&resize=350%2C200 1x, https:\/\/i0.wp.com\/cepronda.com\/blog\/wp-content\/uploads\/2017\/05\/home-office-336377_640.jpg?fit=640%2C426&ssl=1&resize=525%2C300 1.5x"},"classes":[]},{"id":1179,"url":"https:\/\/cepronda.com\/blog\/plan-de-centro\/","url_meta":{"origin":54,"position":1},"title":"Plan de Centro OLD","author":"V\u00edctor Caballero","date":"3 julio, 2017","format":false,"excerpt":"El Decreto 93\/2013, confiere a los Centros del Profesorado como unidad encargada de la dinamizaci\u00f3n, planificaci\u00f3n y desarrollo de la formaci\u00f3n permanente del profesorado. Les otorga para ello de autonom\u00eda pedag\u00f3gica y de gesti\u00f3n, teniendo que dar cuenta de los resultados obtenidos a la Direcci\u00f3n General responsable y a la\u2026","rel":"","context":"Entrada similar","block_context":{"text":"Entrada similar","link":""},"img":{"alt_text":"","src":"","width":0,"height":0},"classes":[]},{"id":75,"url":"https:\/\/cepronda.com\/blog\/buenas-practicas\/","url_meta":{"origin":54,"position":2},"title":"Buenas Pr\u00e1cticas","author":"V\u00edctor Caballero","date":"15 septiembre, 2016","format":false,"excerpt":"El blog Experiencias Educativas de \u00c9xito de la provincia de M\u00e1laga es una iniciativa de los Centros del Profesorado (CEP) de M\u00e1laga que tiene como objetivo recopilar y difundir buenas pr\u00e1cticas y proyectos innovadores desarrollados en los centros educativos de la provincia. Este espacio sirve como punto de encuentro para\u2026","rel":"","context":"Entrada similar","block_context":{"text":"Entrada similar","link":""},"img":{"alt_text":"","src":"https:\/\/i0.wp.com\/cepronda.com\/blog\/wp-content\/uploads\/2025\/09\/Diseno-sin-titulo.png?fit=1181%2C1181&ssl=1&resize=350%2C200","width":350,"height":200,"srcset":"https:\/\/i0.wp.com\/cepronda.com\/blog\/wp-content\/uploads\/2025\/09\/Diseno-sin-titulo.png?fit=1181%2C1181&ssl=1&resize=350%2C200 1x, https:\/\/i0.wp.com\/cepronda.com\/blog\/wp-content\/uploads\/2025\/09\/Diseno-sin-titulo.png?fit=1181%2C1181&ssl=1&resize=525%2C300 1.5x, https:\/\/i0.wp.com\/cepronda.com\/blog\/wp-content\/uploads\/2025\/09\/Diseno-sin-titulo.png?fit=1181%2C1181&ssl=1&resize=700%2C400 2x, https:\/\/i0.wp.com\/cepronda.com\/blog\/wp-content\/uploads\/2025\/09\/Diseno-sin-titulo.png?fit=1181%2C1181&ssl=1&resize=1050%2C600 3x"},"classes":[]},{"id":66,"url":"https:\/\/cepronda.com\/blog\/redes-profesionales\/red-de-orientacion\/","url_meta":{"origin":54,"position":3},"title":"Red de Orientaci\u00f3n","author":"V\u00edctor Caballero","date":"15 septiembre, 2016","format":false,"excerpt":"Espacio de intercambio y de comunicaci\u00f3n para los profesionales de los Equipos de Orientaci\u00f3n Educativa, orientadores y orientadoras de los centros del \u00e1mbito del Centro de profesorado de Ronda. Para poder acceder a la red haz clic en la imagen.","rel":"","context":"Entrada similar","block_context":{"text":"Entrada similar","link":""},"img":{"alt_text":"redesprofesionales1","src":"https:\/\/i0.wp.com\/cepronda.com\/blog\/wp-content\/uploads\/2016\/09\/redesprofesionales1-e1474972897201.png?resize=350%2C200","width":350,"height":200},"classes":[]},{"id":1038,"url":"https:\/\/cepronda.com\/blog\/blogs\/","url_meta":{"origin":54,"position":4},"title":"Blogs","author":"V\u00edctor Caballero","date":"26 mayo, 2017","format":false,"excerpt":"En esta p\u00e1gina iremos recogiendo distintos blogs de nuestros centros y que nos pueden aportar mucho a todos los docentes. BLOG DE R\u00daBRICAS Blog elaborado por nuestra compa\u00f1era Maribel Mu\u00f1oz del IES \"Andr\u00e9s P\u00e9rez Serrano\" donde podemos aprender a crear nuestras propias r\u00fabricas. \u00a0 \u00a0 [yikes-mailchimp form=\"1\" title=\"1\" description=\"1\"]","rel":"","context":"Entrada similar","block_context":{"text":"Entrada similar","link":""},"img":{"alt_text":"","src":"https:\/\/i0.wp.com\/cepronda.com\/blog\/wp-content\/uploads\/2017\/05\/blog-684748_1280.jpg?fit=1200%2C900&ssl=1&resize=350%2C200","width":350,"height":200,"srcset":"https:\/\/i0.wp.com\/cepronda.com\/blog\/wp-content\/uploads\/2017\/05\/blog-684748_1280.jpg?fit=1200%2C900&ssl=1&resize=350%2C200 1x, https:\/\/i0.wp.com\/cepronda.com\/blog\/wp-content\/uploads\/2017\/05\/blog-684748_1280.jpg?fit=1200%2C900&ssl=1&resize=525%2C300 1.5x, https:\/\/i0.wp.com\/cepronda.com\/blog\/wp-content\/uploads\/2017\/05\/blog-684748_1280.jpg?fit=1200%2C900&ssl=1&resize=700%2C400 2x, https:\/\/i0.wp.com\/cepronda.com\/blog\/wp-content\/uploads\/2017\/05\/blog-684748_1280.jpg?fit=1200%2C900&ssl=1&resize=1050%2C600 3x"},"classes":[]},{"id":56,"url":"https:\/\/cepronda.com\/blog\/autoformacion\/programas-educativos\/","url_meta":{"origin":54,"position":5},"title":"Planes y Programas Educativos","author":"V\u00edctor Caballero","date":"15 septiembre, 2016","format":false,"excerpt":"RESOLUCI\u00d3N DE 16 DE JULIO DE 2021, DE LA DIRECCI\u00d3N GENERAL DE FORMACI\u00d3N DEL PROFESORADO E INNOVACI\u00d3N EDUCATIVA, POR LA QUE SE EFECT\u00daA LA CONVOCATORIA DE LOS PROGRAMAS PARA LA INNOVACI\u00d3N EDUCATIVA REGULADOS POR LAS INSTRUCCIONES DE 30 DE JUNIO DE 2014 DE LA SECRETAR\u00cdA GENERAL DE EDUCACI\u00d3N, PARA EL\u2026","rel":"","context":"Entrada similar","block_context":{"text":"Entrada similar","link":""},"img":{"alt_text":"","src":"https:\/\/i0.wp.com\/cepronda.com\/blog\/wp-content\/uploads\/2020\/09\/Logo-progamas-de-formacion-oficial.jpg?resize=350%2C200","width":350,"height":200},"classes":[]}],"jetpack_sharing_enabled":true,"_links":{"self":[{"href":"https:\/\/cepronda.com\/blog\/wp-json\/wp\/v2\/pages\/54","targetHints":{"allow":["GET"]}}],"collection":[{"href":"https:\/\/cepronda.com\/blog\/wp-json\/wp\/v2\/pages"}],"about":[{"href":"https:\/\/cepronda.com\/blog\/wp-json\/wp\/v2\/types\/page"}],"author":[{"embeddable":true,"href":"https:\/\/cepronda.com\/blog\/wp-json\/wp\/v2\/users\/3"}],"replies":[{"embeddable":true,"href":"https:\/\/cepronda.com\/blog\/wp-json\/wp\/v2\/comments?post=54"}],"version-history":[{"count":9,"href":"https:\/\/cepronda.com\/blog\/wp-json\/wp\/v2\/pages\/54\/revisions"}],"predecessor-version":[{"id":4666,"href":"https:\/\/cepronda.com\/blog\/wp-json\/wp\/v2\/pages\/54\/revisions\/4666"}],"up":[{"embeddable":true,"href":"https:\/\/cepronda.com\/blog\/wp-json\/wp\/v2\/pages\/47"}],"wp:attachment":[{"href":"https:\/\/cepronda.com\/blog\/wp-json\/wp\/v2\/media?parent=54"}],"curies":[{"name":"wp","href":"https:\/\/api.w.org\/{rel}","templated":true}]}}

Formación en centros

<h2 class="wp-block-heading"><a href="https://portals.ced.junta-andalucia.es/educacion/portals/delegate/content/111b1d74-a102-46e1-9437-2a094b876079/Instrucciones%2010-09-21%20Formaci%C3%B3n%20en%20Centro">Instrucciones para el desarrollo de la Formación en Centro del curso 2021/22</a></h2>



<p class="wp-block-paragraph"><strong>OTROS DOCUMENTOS RELACIONADOS</strong></p>



<ol class="wp-block-list"><li><a href="https://www.juntadeandalucia.es/educacion/portals/delegate/content/f9af8fd6-aa78-4496-b870-704926281938/Cronograma%20de%20una%20FC%20para%20centros%20educativos%20(cronograma_FC_Centro.pdf)">Cronograma de una FC para centros educativos </a></li><li><a href="https://www.juntadeandalucia.es/educacion/portals/delegate/content/3be79041-9e6d-4881-aa04-062fa73957d3/Anexo%20I%20%C2%BF%20Solicitud%20de%20inscripci%C3%B3n%20extraordinaria%20de%20nuevos%20miembros%20en%20el%20Proyecto%20de%20Formaci%C3%B3n%20en%20Centro%20(anexo_I_editable_FC.pdf)">ANEXO I Solicitud de inscripción extraordinaria de nuevos miembros en el Proyecto de Formación en Centro</a></li><li><a href="https://www.juntadeandalucia.es/educacion/portals/delegate/content/7860d2a7-844e-4399-8dd1-8ed252afadb3/ANEXO%20II%20%C2%BF%20Comunicaci%C3%B3n%20oficial%20de%20suspensi%C3%B3n%20del%20Formaci%C3%B3n%20en%20Centro%20(anexo_II_editable_FC.pdf)">ANEXO II Comunicación oficial de suspensión del Formación en Centro</a> </li><li><a href="https://www.juntadeandalucia.es/educacion/portals/delegate/content/2bf170a9-c5be-4398-8461-1a7289c57442/ANEXO%20III%20%C2%BF%20Requisitos%20para%20la%20aceptaci%C3%B3n%20de%20una%20Formaci%C3%B3n%20en%20Centro%20(anexo_III_editable_FC.pdf)">ANEXO III Requisitos para la aceptación de una Formación en Centro</a></li><li><a href="https://view.genial.ly/61448b311fa49b0db9d59d27/interactive-image-2122-protocolo-fc">Infografía FC.</a></li></ol>



<hr class="wp-block-separator"/>



<figure class="wp-block-image"><img data-recalc-dims="1" loading="lazy" decoding="async" width="640" height="426" src="https://i0.wp.com/cepronda.com/blog/wp-content/uploads/2018/09/hands-2847508_640.jpg?resize=640%2C426" alt="" class="wp-image-2256" srcset="https://i0.wp.com/cepronda.com/blog/wp-content/uploads/2018/09/hands-2847508_640.jpg?w=640&amp;ssl=1 640w, https://i0.wp.com/cepronda.com/blog/wp-content/uploads/2018/09/hands-2847508_640.jpg?resize=300%2C200&amp;ssl=1 300w" sizes="auto, (max-width: 640px) 100vw, 640px" /></figure>

<p>Instrucciones para el desarrollo de la Formación en Centro del curso 2021/22 OTROS DOCUMENTOS RELACIONADOS Cronograma de una FC para centros educativos ANEXO I Solicitud de inscripción extraordinaria de nuevos miembros en el Proyecto de Formación en Centro ANEXO II Comunicación oficial de suspensión del Formación en Centro ANEXO III Requisitos para la aceptación de [&hellip;]</p>

Autoformación

Víctor Caballero

GRUPOS DE TRABAJO Y FORMACIÓN EN CENTROS A continuación se presentan las distintas Instrucciones de Grupos de Trabajo y Formación en Centros del curso 2024/25   INSTRUCCIONES PARA GRUPOS DE TRABAJO 2024/25   INSTRUCCIONES PARA FORMACIONES EN CENTROS 2024/25

El Decreto 93/2013, confiere a los Centros del Profesorado como unidad encargada de la dinamización, planificación y desarrollo de la formación permanente del profesorado. Les otorga para ello de autonomía pedagógica y de gestión, teniendo que dar cuenta de los resultados obtenidos a la Dirección General responsable y a la…

Buenas Prácticas

El blog Experiencias Educativas de Éxito de la provincia de Málaga es una iniciativa de los Centros del Profesorado (CEP) de Málaga que tiene como objetivo recopilar y difundir buenas prácticas y proyectos innovadores desarrollados en los centros educativos de la provincia. Este espacio sirve como punto de encuentro para…

Red de Orientación

Espacio de intercambio y de comunicación para los profesionales de los Equipos de Orientación Educativa, orientadores y orientadoras de los centros del ámbito del Centro de profesorado de Ronda. Para poder acceder a la red haz clic en la imagen.

En esta página iremos recogiendo distintos blogs de nuestros centros y que nos pueden aportar mucho a todos los docentes. BLOG DE RÚBRICAS Blog elaborado por nuestra compañera Maribel Muñoz del IES "Andrés Pérez Serrano" donde podemos aprender a crear nuestras propias rúbricas.     [yikes-mailchimp form="1" title="1" description="1"]

RESOLUCIÓN DE 16 DE JULIO DE 2021, DE LA DIRECCIÓN GENERAL DE FORMACIÓN DEL PROFESORADO E INNOVACIÓN EDUCATIVA, POR LA QUE SE EFECTÚA LA CONVOCATORIA DE LOS PROGRAMAS PARA LA INNOVACIÓN EDUCATIVA REGULADOS POR LAS INSTRUCCIONES DE 30 DE JUNIO DE 2014 DE LA SECRETARÍA GENERAL DE EDUCACIÓN, PARA EL…
