{"id":50,"date":"2016-09-15T10:58:16","date_gmt":"2016-09-15T08:58:16","guid":{"rendered":"http:\/\/cepronda.com\/blog\/?page_id=50"},"modified":"2021-09-24T14:22:07","modified_gmt":"2021-09-24T12:22:07","slug":"grupos-de-trabajo","status":"publish","type":"page","link":"https:\/\/cepronda.com\/blog\/autoformacion\/grupos-de-trabajo\/","title":{"rendered":"Grupos de trabajo"},"content":{"rendered":"\n<h3 class=\"wp-block-heading\"><a href=\"https:\/\/portals.ced.junta-andalucia.es\/educacion\/portals\/delegate\/content\/cd050aaa-d863-4f3e-a56d-44a4bc96180c\/Instrucciones%2010-09-21%20Grupos%20de%20Trabako\">Instrucciones para la convocatoria de Grupos de Trabajo para el curso 2021\/2022<\/a><\/h3>\n\n\n\n<p class=\"wp-block-paragraph\">OTROS DOCUMENTOS RELACIONADOS<\/p>\n\n\n\n<ol class=\"wp-block-list\"><li><a href=\"https:\/\/www.juntadeandalucia.es\/educacion\/portals\/delegate\/content\/e38e1722-16bf-4a48-a26f-cd4afcdb3f21\/Cronograma%20de%20Grupos%20de%20Trabajo%20(1.3.-%20Cronograma%20GT.pdf)\">Cronograma de Grupos de Trabajo<\/a>.<\/li><li><a href=\"https:\/\/www.juntadeandalucia.es\/educacion\/portals\/delegate\/content\/23b8a6d9-210f-4a6e-a625-c5d1cb5bf1ce\/Anexo%20I%20de%20Grupos%20de%20Trabajo%20(1.2.-%20ANEXO%20I%20GT.pdf)\">Anexo I de Grupos de Trabajo. Solicitud de autorizaci\u00f3n para m\u00e1s de diez miembros<\/a><\/li><li><a href=\"https:\/\/www.juntadeandalucia.es\/educacion\/portals\/delegate\/content\/442a38f3-60b2-4510-8d25-c11f77062704\/Anexo_II_comunicado_suspensi%C3%B3n_gt%20(anexo_II_editable.pdf)\">ANEXO II Comunicaci\u00f3n oficial de suspensi\u00f3n del Grupo de Trabajo<\/a> <\/li><li><a href=\"https:\/\/view.genial.ly\/614481911fa49b0db9d59bfd\/interactive-image-2122-protocolo-gt\">Infograf\u00eda GT<\/a>.<\/li><\/ol>\n\n\n\n<hr class=\"wp-block-separator\"\/>\n\n\n\n<figure class=\"wp-block-image\"><img data-recalc-dims=\"1\" loading=\"lazy\" decoding=\"async\" width=\"640\" height=\"518\" src=\"https:\/\/i0.wp.com\/cepronda.com\/blog\/wp-content\/uploads\/2018\/09\/team-spirit-2447163_640.jpg?resize=640%2C518\" alt=\"\" class=\"wp-image-2252\" srcset=\"https:\/\/i0.wp.com\/cepronda.com\/blog\/wp-content\/uploads\/2018\/09\/team-spirit-2447163_640.jpg?w=640&amp;ssl=1 640w, https:\/\/i0.wp.com\/cepronda.com\/blog\/wp-content\/uploads\/2018\/09\/team-spirit-2447163_640.jpg?resize=300%2C243&amp;ssl=1 300w\" sizes=\"auto, (max-width: 640px) 100vw, 640px\" \/><\/figure>\n","protected":false},"excerpt":{"rendered":"<p>Instrucciones para la convocatoria de Grupos de Trabajo para el curso 2021\/2022 OTROS DOCUMENTOS RELACIONADOS Cronograma de Grupos de Trabajo. Anexo I de Grupos de Trabajo. Solicitud de autorizaci\u00f3n para m\u00e1s de diez miembros ANEXO II Comunicaci\u00f3n oficial de suspensi\u00f3n del Grupo de Trabajo Infograf\u00eda GT.<\/p>\n","protected":false},"author":3,"featured_media":0,"parent":47,"menu_order":0,"comment_status":"closed","ping_status":"closed","template":"","meta":{"_crdt_document":"","advanced_seo_description":"","jetpack_seo_html_title":"","jetpack_seo_noindex":false,"jetpack_post_was_ever_published":false,"footnotes":""},"class_list":["post-50","page","type-page","status-publish","czr-hentry"],"jetpack_shortlink":"https:\/\/wp.me\/P8M4X7-O","jetpack-related-posts":[{"id":47,"url":"https:\/\/cepronda.com\/blog\/autoformacion\/","url_meta":{"origin":50,"position":0},"title":"Autoformaci\u00f3n","author":"V\u00edctor Caballero","date":"15 septiembre, 2016","format":false,"excerpt":"GRUPOS DE TRABAJO Y FORMACI\u00d3N EN CENTROS A continuaci\u00f3n se presentan las distintas Instrucciones de Grupos de Trabajo y Formaci\u00f3n en Centros del curso 2024\/25 \u00a0 INSTRUCCIONES PARA GRUPOS DE TRABAJO 2024\/25 \u00a0 INSTRUCCIONES PARA FORMACIONES EN CENTROS 2024\/25 \u00a0","rel":"","context":"Entrada similar","block_context":{"text":"Entrada similar","link":""},"img":{"alt_text":"","src":"https:\/\/i0.wp.com\/cepronda.com\/blog\/wp-content\/uploads\/2017\/05\/home-office-336377_640.jpg?fit=640%2C426&ssl=1&resize=350%2C200","width":350,"height":200,"srcset":"https:\/\/i0.wp.com\/cepronda.com\/blog\/wp-content\/uploads\/2017\/05\/home-office-336377_640.jpg?fit=640%2C426&ssl=1&resize=350%2C200 1x, https:\/\/i0.wp.com\/cepronda.com\/blog\/wp-content\/uploads\/2017\/05\/home-office-336377_640.jpg?fit=640%2C426&ssl=1&resize=525%2C300 1.5x"},"classes":[]}],"jetpack_sharing_enabled":true,"_links":{"self":[{"href":"https:\/\/cepronda.com\/blog\/wp-json\/wp\/v2\/pages\/50","targetHints":{"allow":["GET"]}}],"collection":[{"href":"https:\/\/cepronda.com\/blog\/wp-json\/wp\/v2\/pages"}],"about":[{"href":"https:\/\/cepronda.com\/blog\/wp-json\/wp\/v2\/types\/page"}],"author":[{"embeddable":true,"href":"https:\/\/cepronda.com\/blog\/wp-json\/wp\/v2\/users\/3"}],"replies":[{"embeddable":true,"href":"https:\/\/cepronda.com\/blog\/wp-json\/wp\/v2\/comments?post=50"}],"version-history":[{"count":13,"href":"https:\/\/cepronda.com\/blog\/wp-json\/wp\/v2\/pages\/50\/revisions"}],"predecessor-version":[{"id":4665,"href":"https:\/\/cepronda.com\/blog\/wp-json\/wp\/v2\/pages\/50\/revisions\/4665"}],"up":[{"embeddable":true,"href":"https:\/\/cepronda.com\/blog\/wp-json\/wp\/v2\/pages\/47"}],"wp:attachment":[{"href":"https:\/\/cepronda.com\/blog\/wp-json\/wp\/v2\/media?parent=50"}],"curies":[{"name":"wp","href":"https:\/\/api.w.org\/{rel}","templated":true}]}}